
9
-7 + (7 - -1) - -4
5
Calculate 3 + 0 + 3 + -1.
5
What is the value of -2 + 1 + -4 + 1 + 2?
-2
-3 + -2 + (-3 + 0 - -11)
3
What is 6 - (-19 - -9 - -7)?
9
What is the value of (2 - -6) + (15 - 24)?
-1
Evaluate 4 + -4 + 7 + -2 + 0.
5
Calculate -1 + 0 - (-3 + -1 + 6).
-3
Calculate -11 + 3 - 3 - -18.
7
What is -1 + (0 - -2) + 0 + -1?
0
Evaluate -10 + 7 - 6 - -9.
0
Evaluate -4 + 1 + -2 - -1.
-4
What is the value of (-5 - -13) + -13 + 10?
5
What is the value of 19 + -19 + 2 + 2?
4
Calculate 4 + -1 - (-3 + 1 + 0).
5
What is the value of 0 + (19 - 13 - 2)?
4
Evaluate -2 + (0 - -3) + -2.
-1
-2 + 7 + -17 + 14 + -2
0
1 - -11 - (207 - 198)
3
What is the value of 5 + 6 + -6 + (-4 - 0)?
1
What is the value of -2 - -2 - ((1 - -1) + -3)?
1
0 + 3 - (-68 + 75)
-4
What is the value of 3 - (-7 - -3) - -3?
10
What is 5 + -9 + 5 - 5 - -7?
3
What is (14 + -18 - (0 - -1)) + 2?
-3
Calculate -2 + 0 - -3 - 2.
-1
What is the value of 7 + (-8 - -7) + 0 - -4?
10
(3 - (-1 - -2) - 1) + -3
-2
What is -10 + (-1 - 1 - -7)?
-5
Calculate -10 + (-1 - -6 - -3).
-2
What is the value of -5 - ((6 - (-5 - -4)) + -2)?
-10
What is 10 + 3 + -20 - -9?
2
What is the value of -6 + 2 + 0 + 7 + -4?
-1
What is 14 - 19 - (0 - 5)?
0
Calculate -3 - (-8 + 5 + -1).
1
Evaluate -1 + -4 - (-73 - -74).
-6
Evaluate 3 + -5 + (-1 - -3).
0
What is the value of (8 + -6 - (1 - 0)) + 0?
1
Calculate 2 + -17 + 7 + 11.
3
Evaluate 29 + -33 - (-2 + -1).
-1
(-4 - (-2 - 13)) + (-2 - 4)
5
What is 0 + 4 + -5 + 0?
-1
What is 2 + (18 - 14 - (-2 - -2))?
6
What is -2 + -3 - (46 - 48)?
-3
Calculate -88 + 96 - (-1 + 5).
4
Calculate (0 - -5) + (10 - 10).
5
What is -4 + 2 - (-36 - -30)?
4
What is the value of (2 - (-3 - -7)) + 0 + 4?
2
Calculate (19 - 19) + (1 - (0 - -1)).
0
What is (-27 - -5) + 5 + 12?
-5
Evaluate 14 + -20 + 14 - 5.
3
What is the value of -6 + (5 - -5 - 3)?
1
-5 + 1 - (1 - (2 - 0))
-3
What is the value of -3 - (-9 - (-4 + -1))?
1
-4 + (5 - (5 + 0))
-4
What is the value of -11 + 6 + -3 + 14 + -10?
-4
What is the value of -29 - -41 - (0 - -7)?
5
What is -1 + 9 + (0 - 5) + 1?
4
What is 0 - (-2 + (-2 - (1 + -2)))?
3
Calculate 4 - (-1 - -4) - 0.
1
What is the value of (6 - (11 + -7)) + -6?
-4
Evaluate 2 + (-4 - 4) + 10.
4
Evaluate (7 + 0 - -5) + -7.
5
What is the value of 0 + (-2 - -3) + 0?
1
Evaluate (0 - 6) + 116 + -110.
0
What is 1 + 0 + -81 + 87?
7
What is the value of 3 + -8 + -3 - (-4 + 0)?
-4
What is the value of -6 + (4 + -2 - -1) + 4?
1
Calculate (-2 - -1) + 2 - 4.
-3
Calculate 3 + 5 + (-16 - -5).
-3
What is (6 - (-3 + 7)) + -2?
0
What is the value of (1 - 1 - -2) + (4 - 11)?
-5
What is the value of -3 + (-2 - -1) - (-4 - 4)?
4
Calculate -16 + 13 + (5 - 0).
2
Calculate -2 + (5 - (0 + 3)).
0
0 + (-1 + 13 - 8)
4
What is -4 - (3 - 4 - -1)?
-4
What is the value of 5 + -2 + -2 - (4 - 6)?
3
What is the value of -4 + (-2 - 5) + 6?
-5
Evaluate -8 - (-8 - (6 + -12)).
-6
-1 - 6 - -14 - 7
0
What is the value of -3 - (6 + -3 + -1 - -2)?
-7
Calculate -7 + (1 - -1) - (1 + -5).
-1
Calculate (10 - (-4 - -10)) + -2 + 5.
7
-2 - (0 + 0) - (10 - 17)
5
What is the value of (-7 - -8) + -7 + 2 + 5?
1
Calculate 8 - (-2 + 6) - 4.
0
Evaluate -56 + 47 + 1 + 4.
-4
What is (-46 - -48) + (-2 - 0)?
0
What is the value of (-11 - -10) + 2 + 1?
2
What is 3 + -2 - (1 + 12 + -7)?
-5
-14 + -2 - (-8 - -10 - 7)
-11
What is the value of (-3 - -6) + -1 + -3 + 1?
0
-3 + (15 - 25 - (1 + -4))
-10
What is (0 - 3) + (6 - 3)?
0
What is 2 + 5 + -2 + -7?
-2
9 + -7 + 6 - 7
1
Calculate -5 - (-4 - 6) - 9.
-4
Calculate 2 - (-7 + 11 + 3).
-5
-2 - -3 - (-10 + 3 + 2)
6
Evaluate (8 - -4) + (-5 - (-3 - -6)).
4
What is the value of -5 + (12 - (-2 + 4))?
5
What is the value of 13 + -11 + -9 - -4?
-3
What is -2 + -5 + 2 + 2?
-3
What is (4 - 7 - 3) + (-1 - -11)?
4
What is -9 + 10 + -3 + -4 + 4?
-2
2 - (0 + 5 + (-9 - -7))
-1
What is the value of 0 + (-3 - 4) - (11 + -29)?
11
Evaluate 0 + 0 + 0 + 4.
4
0 + -5 - (-15 - -8)
2
-2 + (2 - -8) + -5
3
What is the value of 1 + 0 + -4 - 2?
-5
What is the value of -2 - (2 - 0 - -3) - -8?
1
Evaluate (1 - 2) + 2 - 1.
0
Evaluate -3 + 5 + -1 - -3.
4
Calculate -10 - (1 - (-5 - -16)).
0
Evaluate (-6 + 4 - 2) + 9.
5
(4 + 0 + 1 - 15) + 4
-6
Evaluate 4 - -1 - (14 + -14).
5
Evaluate -1 + 0 - (1 - (0 - 3)).
-5
Evaluate (-5 + 9 - 12) + 3.
-5
What is the value of 1 + 1 + (-3 - -3) + 1?
3
What is the value of -8 + 9 + -3 + (2 - 1)?
-1
Calculate -17 + (2 - -4 - (-36 + 36)).
-11
-2 + 2 + (3 - 0)
3
5 + 3 + -13 + 4 + -4
-5
3 + 5 + -9 + -3 - -2
-2
What is the value of (3 - 6) + -8 + -5 + 10?
-6
What is (-1 - -3) + -21 + 25?
6
What is (16 + -4 - 8) + -1 + -1?
2
Calculate (-11 - -5) + 14 + -3.
5
What is -10 - (-2 + -13 - -9)?
-4
Evaluate 0 + -9 + (-3 - -8) + -4.
-8
10 - (-46 - -59 - (6 - 0))
3
Calculate (1 - -5) + (-1 - 20 - -12).
-3
0 - 2 - (1 + -1) - 0
-2
What is the value of -8 - -5 - (-1 - 6 - 1)?
5
Evaluate 41 + -45 - (-6 - 0).
2
Calculate -1 + 0 + (-15 - (1 + -12)).
-5
What is 2 - 1 - (-61 + 67)?
-5
(-1 - -5) + -4 + (0 - -3)
3
What is 4 + 2 + (2 - (5 + -1))?
4
What is the value of -21 - (-11 + 10) - -12?
-8
Calculate 11 + -9 - (-2 + 3).
1
(15 - 11) + (-8 - 0) + 9
5
What is -1 + 2 + -9 - -9?
1
Evaluate -1 + 5 - (5 + 20 + -12).
-9
What is -2 + (11 - -2 - 6)?
5
What is -1 + (-5 - -5) - 4?
-5
Evaluate 2 + -5 - (-3 + 1) - 5.
-6
What is -10 - (5 + -4 + -6)?
-5
11 - 13 - 2 - (-1 - 5)
2
What is 0 - (-1 + -4) - (2 + 0)?
3
Evaluate 3 - (-5 - ((6 - 3) + -4)).
7
Evaluate 24 + -4 + -12 + 3.
11
What is the value of -2 + (-6 - (-11 - -3))?
0
0 - (12 - (2 + 9))
-1
What is 1 - (-2 + -1) - (23 - 21)?
2
Evaluate 37 + -28 - (-2 - -9).
2
What is 0 + 0 + -5 - -4?
-1
Calculate -9 + (25 - 0) - 7.
9
What is the value of (-4 - -4 - -3) + 1 - 7?
-3
What is the value of -5 + 2 - (4 + (1 - 9))?
1
What is 1 - (0 + 4 + -3) - 0?
0
What is the value of 4 + 0 + 0 + -1 + -3?
0
-97 - -90 - (-1 + -2)
-4
(-5 - -12 - 21) + 23
9
What is 13 + (4 - (1 + 20))?
-4
Calculate 0 + -2 - 2 - -1 - -9.
6
What is the value of 7 + 0 + -7 + (-2 - 0)?
-2
What is the value of 0 + 0 - (1 - 3 - 3)?
5
Calculate 3 + -9 - (-2 + 0).
-4
Evaluate 3 + 0 + -2 + -8 + 5.
-2
What is the value of -7 + (2 - 1) + 5?
-1
-4 - (-6 - 3) - (7 - 0)
-2
Evaluate 4 + (0 - 6) + 1.
-1
What is (7 - 13) + 1 + 6?
1
What is the value of -4 - (5 + -6) - -6?
3
2 + -10 - (8 - 10) - 1
-7
Calculate 1 - -2 - (29 + -26).
0
What is the value of 0 - -4 - 10 - -4?
-2
-1 + 4 + -2 + 0 - -3
4
4 + (12 - 8) + -10
-2
What is -16 + 7 + -2 + 7 + 2?
-2
Calculate -4 - (2 + (-1 - 2)).
-3
Calculate 9 + (-7 - -5) + (-6 - -1).
2
6 - (3 + -7 - -6)
4
(-2 - (4 - 6) - -3) + -5
-2
Calculate -38 + 49 + 1 + -2 + -2.
8
Evaluate 2 - 5 - -4 - -3.
4
5 - 2 - (-2 - (4 - 8))
1
Calculate (0 - -7) + -16 + 15.
6
-6 - (-8 - (-2 + 2))
2
Calculate -3 + (4 + -8 - -2).
-5
What is the value of 11 - (10 - 6) - 11?
-4
What is the value of (-3 - -2) + (-9 + 6 - -7)?
3
Calculate -2 - (0 + 7 - 4).
-5
What is the value of -47 + 44 - (5 + -2)?
-6
What is the value of -10 - (-8 + 17 - 17)?
-2
What is the value of 5 + (0 - -12) + -9?
8
Calculate 0 + (-4 - (6 - 15)).
5
Evaluate -6 + (4 - (-9 - -7)).
0
4 + (-6 - (-7 + 1))
4
Calculate (3 + -1 - 0) + -22 + 20.
0
Evaluate -3 + 7 - (-1 - -2).
3
What is the value of (0 - 0) + (0 - -3)?
3
What is the value of (1 - -2) + -1 + -5 - -2?
-1
Calculate 26 - 28 - (2 - (0 + 1)).
-3
Calculate 7 - (3 - (-4 - -5)).
5
Evaluate (-6 + 3 - (-6 - 0)) + -4.
-1
1 - (-4 + (-1 - -5))
1
Evaluate (-3 - ((-1 - 2) + 3)) + 6.
3
What is the value of (-23 - -24) + (2 - 7)?
-4
1 + (6 + -13 - 4 - -8)
-2
What is the value of (-4 - -2) + 1 - (22 + -24)?
1
What is 4 + (4 - (-2 + (-5 - -9)))?
6
Calculate -2 - (-3 + 7 + 2 + -6).
-2
Calculate 1 + (-2 + 3 - -3) - 10.
-5
What is the value of (-7 - 0) + 3 - (1 + 2)?
-7
What is the value of 0 + (-3 - -6 - 1) + -3?
-1
Evaluate -4 - (-4 - -2) - 6.
-8
What is the value of 2 + (4 + -4 - 2)?
0
What is 47 - 44 - (-1 - 0 - 1)?
5
5 + (10 - 9 - (2 - -3))
1
Calculate (-32 - -34) + -3 + 0 + 2.
1
What is -11 + (12 + -14 - (-4 - 2))?
-7
Calculate -9 + 3 - 1 - -5.
-2
What is 14 + -16 - (4 + -1 - 4)?
-1
What is the value of -11 - (2 + 6 + -20)?
1
Calculate 3 - (-2 - -5) - (14 - 14).
0
Calculate 0 + (0 - (1 - 1)).
0
Evaluate -14 + (1 - -3) + 0 + 2.
-8
What is -1 - (-2 - (2 - 2))?
1
What is the value of (3 - 1) + (-1 - (1 + -4))?
4
What is 